Suppose -3*g - 147 = -5*y + g, 0 = 4*y - 2*g - 114. Let t = y + -24. Let w(l) = 3*l**2 - 3*l. What is the remainder when 52 is divided by w(t)?
16
Let x(w) = -48*w + 1304. Calculate the remainder when 495 is divided by x(25).
79
Suppose 3*s = 2*s + 53. Let t = -7043 + 7045. Suppose 5*v = -3*h + s - 11, -3*v = t*h - 26. What is the remainder when 20 is divided by v?
2
Suppose 6*j - 3*j = -23*j + 1118. What is the remainder when 655 is divided by j?
10
Suppose 3*q = 249 + 687. Suppose -t + 249 = 4*o, -o - 2*t = 4*o - q. Let c = o + -50. What is the remainder when 58 is divided by c?
10
Suppose 0 = -3*z - 5*w + 237, -3*z + 8*w - 4*w + 210 = 0. Let u(g) = -83*g - 221. What is the remainder when u(-8) is divided by z?
73
Let k be ((-72)/9 - 7798)*(-1)/3. Suppose 713 = -2*j - 5*z + k, -3*j = 4*z - 2837. What is the remainder when j is divided by 19?
16
Suppose -31*o = -22*o - 23*o + 53662. Calculate the remainder when o is divided by 160.
153
What is the remainder when (-220675)/(-130)*(-4)/(-14) is divided by 3?
2
Let r = -30011 - -30107. What is the remainder when 884 is divided by r?
20
Suppose 3*c + 5*z - 96 = 20, 0 = -2*c - 5*z + 84. What is the remainder when 353 is divided by c?
1
Let f be 8/6*4023/6. Let i = 0 + 4. Calculate the remainder when 72/(-132) - f/(-66) is divided by i.
1
What is the remainder when (-4)/6 + (-148)/(-6) is divided by (52*(-33)/66)/(-2)?
11
Let n(o) = o**2 - 4*o + 2. Let g be n(4). Suppose -x - 1 = -l, 0 = -4*x - 2*l + g + 18. Suppose x*j - 87 = -9. Calculate the remainder when 51 is divided by j.
25
Suppose 0*v - 3*v - 2*c = -123, 5*c - 171 = -4*v. Calculate the remainder when v is divided by (-10455)/(-697)*(2/9)/(4/6).
4
Let w = 159 - 157. What is the remainder when 48 is divided by (w/(-6))/((-12)/720) - 3?
14
Suppose 0*w - 155 - 225 = -20*w. What is the remainder when 218 is divided by w?
9
Let t be 88/28*14/(-12)*-3. Suppose -6*n - 78 = -t*n + 3*i, 0 = 3*n + i - 58. Calculate the remainder when 53 is divided by n.
17
Let h = 75 + 46. Let s = h - 58. Suppose 4*o + 2*c - 147 = c, o = 5*c + s. What is the remainder when o is divided by 4?
2
Let y(z) = -37*z**2 + 3*z + 2. Let q = -110 - -109. Let m be y(q). Let r = m + 137. Calculate the remainder when r is divided by 51.
48
Suppose 22*q + 5*l + 180665 = 27*q, 6*q - 216790 = 2*l. Calculate the remainder when q is divided by 14.
11
Let p be -78 + 81 + 1*2202. Suppose 3*g - 24*g = -p. Calculate the remainder when g is divided by 42.
21
Let x(z) = -321*z + 2499. What is the remainder when x(6) is divided by 55?
23
Let o(l) = 2*l**3 + 4*l - 3*l + 43 + 15*l**2 - 2*l - l - 6*l. Calculate the remainder when 46 is divided by o(-8).
3
Let h(c) = -453*c + 6. Let v be h(-1). Suppose 0 = 470*f - v*f - 473. What is the remainder when 84 is divided by f?
41
Suppose 235921 + 5441 = 159*b. Calculate the remainder when b is divided by 38.
36
Suppose d = f - 15 + 76, -5*d - 3*f + 265 = 0. Suppose 4*n - 5 - 79 = 0. Calculate the remainder when d is divided by n.
14
Let l = 285 - 285. Suppose -12*h + 19*h - 147 = l. What is the remainder when 145 is divided by h?
19
Let o = -3 - -7. Suppose -3*a = -3*d - 24, 13 + 7 = 3*a - d. Calculate the remainder when -1 - (16/o + -52) is divided by a.
5
Calculate the remainder when 1341 is divided by (-104)/(-78)*18/(-8) - -1339.
5
Suppose 3*x = -5*l + 34, 5*x + 3*l - 47 + 1 = 0. Suppose x*y - 418 = -3*y. Calculate the remainder when 151 is divided by y.
37
Let l(v) be the second derivative of 23*v**4/12 - v**3/2 - 24*v. Let k(a) = a - 5. Calculate the remainder when l(1) is divided by k(16).
9
Let q be (-2)/((30/58)/(-5))*3. Suppose -q + 8 = -5*h. Let i(v) = 2*v + 2. Calculate the remainder when 80 is divided by i(h).
14
Suppose -63*p + 129*p - 1254 = 0. What is the remainder when 121 is divided by p?
7
Suppose 11*x - 12*x = 0. Let t(j) = -j**2 + 2*j + 24. Calculate the remainder when t(x) is divided by 13.
11
Let o = -333 - -99. Let s = o - -474. Calculate the remainder when s is divided by 49.
44
Suppose -26 = 4*y - 66. Let c(g) = g + 38. Let k be c(-16). Suppose 3*x - t - k = 91, -5*x - t + 191 = 0. Calculate the remainder when x is divided by y.
8
Let q(s) = -s**2 - 46*s - 471. Calculate the remainder when 263 is divided by q(-28).
32
Let g = -1945 + 2041. What is the remainder when 197 is divided by g?
5
Let y be (10*(-9)/(-27))/(2/3). Let b(a) = -a + 8. Let i be b(6). Suppose -2*f = 3*u - 64, y*f = -i*u + f + 56. Calculate the remainder when u is divided by 4.
2
Let k(q) = q**3 + 65*q**2 - 989*q - 7. What is the remainder when k(13) is divided by 18?
12
What is the remainder when 116 is divided by 42/18*(-42)/(-14)?
4
Suppose 509 = 19*g - 99. Let w = -79 + 138. What is the remainder when w is divided by g?
27
Suppose 11331 = 23*f - 4125. Calculate the remainder when f is divided by 260.
152
What is the remainder when 123 is divided by (378/3)/(-18) - (0 + -53) - -5?
21
Let l be (-3589)/(-370) - (-6)/20. Suppose -5*d + l - 15 = 0, -61 = -5*h + d. Calculate the remainder when 90 is divided by h.
6
Let g(t) = -2*t**2 + 71*t - 469. What is the remainder when 1710 is divided by g(10)?
29
Let i be (1 - (-3 - -3))/((-10)/(-20)). Suppose -3*c + 0 - 48 = -i*r, -5*r + 78 = 3*c. Calculate the remainder when 322 is divided by r.
16
Suppose 4*f + 2*b - 80 = 0, 0*f + b = -4*f + 80. Calculate the remainder when (1*(-44 + 19) - -13) + 78 is divided by f.
6
Calculate the remainder when 166 is divided by -2*214/(-4) + 0*25/(-525).
59
Let x be 24/(-64) + -173*5/40. Let v(j) = j**3 + 26*j**2 + 61*j - 44. What is the remainder when v(x) is divided by 46?
44
Suppose -1593 = -36*v + 63. What is the remainder when 2711 is divided by v?
43
Let o = -100 - -285. Let z = -122 + o. Let p = z + -43. What is the remainder when p is divided by 7?
6
Let x(z) = 2452*z**2 - z + 1. Let q be x(-1). Suppose 35*f - 521 - q = 0. Calculate the remainder when f is divided by 18.
13
Let i = 107 + -134. Let u = i + 112. Let a = 47 - 25. What is the remainder when u is divided by a?
19
Suppose -37*c - 2756 = -143*c. What is the remainder when 1037 is divided by c?
23
Suppose 5*v = r - 926 - 472, -6*r + 5*v + 8463 = 0. What is the remainder when r is divided by 339?
57
Let w be 4*((-1)/2)/(6/(-6)). Suppose -j + 2*j = 2*c, -j + 8 = w*c. Suppose 3*k + 7 = z + 5*k, -2*z + c*k = -32. Calculate the remainder when z is divided by 4.
1
Let c = 7271 - 7197. What is the remainder when 5844 is divided by c?
72
Let w(k) = 380*k - 5182. What is the remainder when w(16) is divided by 428?
42
Calculate the remainder when 334 + (30 - (20 - 8)) is divided by 19.
10
Suppose -76 = 2*y - 4*d, y = -4*d - 25 - 13. Let o = 45 + y. What is the remainder when 7/(o/4) + 14 is divided by 13?
5
Let g(w) = 77*w + 4. Let o(b) = b + 5. Let n be o(-2). Let y be (((-14)/n)/(-7))/((-2)/(-6)). What is the remainder when g(y) is divided by 32?
30
Suppose -152*w = -154*w - 5*s + 3822, 5*s = 20. What is the remainder when w is divided by 173?
171
Suppose -6*o - 4*z = -2*o - 52, 4*o + 3*z = 52. Suppose q - 15 = -4*x, x + 2 = 3. What is the remainder when o is divided by 2/q - (-168)/44?
1
Suppose -22*k + 1152 = 228. Suppose k*s - 4644 = 6*s. Calculate the remainder when s is divided by 27.
21
Let y(g) = 20*g - 4. Let f be y(-1). Let d = f + 34. Suppose -6*a - 81 = -357. Calculate the remainder when a is divided by d.
6
What is the remainder when (-6985)/(-11) + 80/10 is divided by 18?
13
Suppose 132 = 5*a - 132*z + 130*z, 0 = -2*a - 2*z + 50. Let p be -1*3*(-15)/(-9). Calculate the remainder when (146/(-6))/(p/15) is divided by a.
21
Suppose -5*p + 135 = -0*p. Suppose -2*b = -5*m + 7 - 5, 0 = -2*m + 5*b - 16. Suppose m*h - 321 = -h. What is the remainder when h is divided by p?
26
Let r be (21/5)/(6/30). Suppose -15*f - 66 = -r*f. What is the remainder when 74 is divided by f?
8
Suppose 2*n - k - 199 + 37 = 0, -6 = 3*k. Suppose 5*a = a - n. What is the remainder when (a/6)/(1/(-30)) is divided by 35?
30
Let w = -17618 + 17951. Calculate the remainder when w is divided by 180.
153
Let a = 66 - 63. Suppose 0 = -a*x - 0*x - 3*b - 18, x - 4*b = -1. Let v = 88 + x. Calculate the remainder when v is divided by 17.
15
Suppose -2*m = 5*k - 530, -k + 999 = 4*m - 43. What is the remainder when m is divided by 90?
80
Suppose 174